 the prime factors of d.
197
Let w(n) = n**2 + 4*n + 2. Let k(m) = -3*m - 6. Let f be k(-5). Suppose -l - 19 = 4*g, -f = 2*g - l + 2. List the prime factors of w(g).
7
Let v = 9438 + -5753. Let h be ((-8)/10)/((-11)/v). Suppose h = 2*b + 2*p, 3*b - 118 - 290 = 3*p. What are the prime factors of b?
3, 5
Suppose 9*u - 8276 + 338 = 0. Suppose 4*y = 2*c + u - 106, -2*c + 4 = 0. Suppose 5*t + y = 815. List the prime factors of t.
2, 31
Let c(p) = 5*p**2 + 158*p - 64. What are the prime factors of c(23)?
5, 11, 113
List the prime factors of (3/9)/(91/2408679).
3, 17, 173
What are the prime factors of (-333 + -153)*(-1 + -53)?
2, 3
Let g be 0 - -4 - (5464/2)/(-4). Suppose u - 4*u = -g. What are the prime factors of u?
229
Let d(o) = -o. Let l(n) = 3*n + 4. Let b(g) = 2*d(g) + l(g). Let c be b(-2). What are the prime factors of 1 - (40/(-2) + c)?
19
Let s(z) = 274*z**2 - 7*z - 3. Let n be s(3). Let u be n/6 + (1 - 3). Suppose 0*q = -5*p + 5*q + u, -3*p = 4*q - 236. List the prime factors of p.
2, 5
Let q = -9852 + 15152. List the prime factors of q.
2, 5, 53
Suppose -346 = 12*l + 1466. Let t = l - -469. What are the prime factors of t?
2, 3, 53
Suppose i = 4 + 1. Suppose 36 = i*x - 4. Suppose x*g - 309 = 115. List the prime factors of g.
53
Let q(z) = -z**3 - 7*z**2 + 6*z - 17. Let k be q(-8). Let u(j) = -741*j - 6. What are the prime factors of u(k)?
3, 5, 7
Suppose 0 = -41*y + 229276 + 182446. List the prime factors of y.
2, 5021
List the prime factors of 8*1 - (0 + -5844 + -10).
2, 3, 977
Let p(q) = 59*q - 37. Let d = -92 + 100. What are the prime factors of p(d)?
3, 5, 29
Suppose 11*n - 606180 = -4*n. What are the prime factors of n?
2, 10103
Let x(b) = 3*b + 51. Suppose 79 = -5*s - 6. Let w be x(s). Suppose i - r + 1 = 17, 4*i + 5*r - 91 = w. List the prime factors of i.
19
Suppose 72*d + 135781 = 76*d + i, -203703 = -6*d - 5*i. What are the prime factors of d?
7, 13, 373
Suppose 0 = w + 3*l - 1852, -8*w + 7424 = -4*w + 4*l. Suppose 3*t + 5*q = w, 3*t - 4*t - 2*q = -621. What are the prime factors of t?
13, 47
Suppose -3*f - 20 = f. Let k(i) = -15*i**3 - 8 + 6*i**2 - 8*i + 15*i**3 + i**3. List the prime factors of k(f).
3, 19
Let g(j) = -23*j - 32. Let i(w) = 19*w + 72. Let p be i(-4). What are the prime factors of g(p)?
2, 3, 5
Let d(g) = 974*g - 1556. List the prime factors of d(54).
2, 5, 11, 29
Suppose 17*q + 5 = 12*q, 5*c - q = 18061. Suppose 815*a = 821*a - c. List the prime factors of a.
2, 7, 43
Let u(k) = -522*k**3 - 5*k**2 - 8*k. Let x be u(-2). Suppose 5*f = -4*d + x, -3*d + 3094 = -47*f + 42*f. What are the prime factors of d?
2, 3, 173
Let x be ((-66)/(-55))/((-2)/((-770)/1)). Let r = x + -32. List the prime factors of r.
2, 5, 43
Suppose -1 = -3*p + 5*h + 6, 5 = 5*h. Let n be (26/p - 7)*8/(-1). Suppose 2*l + 5*w - 308 = -0*l, -l = n*w - 154. What are the prime factors of l?
2, 7, 11
Let w(a) = a + 12. Let u be w(-12). Suppose c - 3*j + 21 = u, 29 = -c - 5*j - 0*j. Let i = 7 - c. What are the prime factors of i?
31
Let p be 711 - ((-15)/(-3) - 2). List the prime factors of 2 - (-2)/(8/p).
179
Suppose 0 = 5*x - 15 - 5, -3*x = -2*b - 8. Suppose -12 = b*f + 30. Let c(p) = 2*p + 70. List the prime factors of c(f).
2, 7
Let s(d) = 120*d**2 + 51*d - 270. List the prime factors of s(11).
3, 4937
Suppose -6912 = 7*z - 11*z. Suppose -10*l - z = -14*l. Let p = 612 - l. What are the prime factors of p?
2, 3, 5
Let j(i) = i**2 + i - 14. Let a be j(3). Let h(q) = -3*q + 4. Let x be h(a). Suppose -k = 4*k + x, 2*k = -3*p + 374. List the prime factors of p.
2, 3, 7
Let a be (-3 + 0 + 3)/(0 + -1). Let q be 637 + 3*(3 - a - 2). Suppose 50 = 6*u - q. List the prime factors of u.
5, 23
Let o = 3495 - -896. Suppose -15*v + 20659 = -o. List the prime factors of v.
2, 5, 167
Let s(x) be the second derivative of x**5/20 - 5*x**4/12 + x**2 - 35*x. Let z be s(5). Suppose y + 2 = -0, -z*j + 162 = y. List the prime factors of j.
2, 41
Let a(k) = -k**3 + k**2 - 3*k + 1769. Let v be a(0). Suppose 13259 = 10*p + v. List the prime factors of p.
3, 383
Suppose -3*h - 3*x - 9590 = -40145, -4*h + 40742 = 2*x. What are the prime factors of h?
2, 11, 463
Suppose -j - 4*s + 346 = 0, 5*s - 3 = 8*s. Let f = 498 - j. List the prime factors of f.
2, 37
Suppose -4*u + 35 = 3*u. Let w(h) = 81*h + 22. What are the prime factors of w(u)?
7, 61
Suppose -21*s = 8*s - 524958. List the prime factors of s.
2, 3, 7, 431
Suppose -2*u = -2*w + w, 0 = 5*u - 2*w + 2. Let x be u*1/4*486. Let h = 355 + x. What are the prime factors of h?
2, 7
Let y be 1*-1*(0 + 2). Let u(a) = a**3 + 7*a**2 - 34*a - 32. Let s be u(-10). What are the prime factors of -1*((-1326)/(-24))/(y/s)?
13, 17
Let q = -28007 + 90685. What are the prime factors of q?
2, 7, 11, 37
Let v(r) = 4*r**2 + r + 26. Let u(s) = 6*s - 2*s - 8*s + s**2 + 5*s. Let d(i) = 5*u(i) - v(i). What are the prime factors of d(10)?
2, 3, 19
Suppose -x + 2 = y, 0 = 3*y - 2*x - 3*x - 46. Suppose -f - y = -1. What are the prime factors of (3/6*213)/(f/(-8))?
2, 71
Suppose m - 2 = -0. Suppose 0 = 44*p + 4*p - 192. Suppose 0*i + i = m, p*i + 105 = n. List the prime factors of n.
113
Suppose 48*j + 88555 - 1073811 = 434104. What are the prime factors of j?
2, 5, 2957
Let c(r) be the first derivative of -7*r**4/4 - r**3/3 + r - 13. Let q be c(1). What are the prime factors of ((-670)/40)/(q/(-4) + -2)?
67
Let d = 1714 - -2149. List the prime factors of d.
3863
Let g = 44508 - -31995. What are the prime factors of g?
3, 7, 3643
Let j(a) = -5*a**3 + 3*a**2 - 2*a - 13. Let v(p) = -p**3 - p**2 - p + 1. Let c(k) = j(k) - 4*v(k). Let i be c(7). List the prime factors of 5 - (i + 7) - -145.
2, 73
Let u be ((-4470)/(-12))/(3/18). Suppose -5*y + u = -5*b, y + 288 = 4*b + 750. List the prime factors of y.
2, 13, 17
Let j = -22472 + 46826. List the prime factors of j.
2, 3, 11, 41
Let d be (-120)/12 + (5 - -3). What are the prime factors of 727 + (-6)/d*(-60)/(-90)?
3
Let d(m) = -m**3 + 20*m**2 - 18*m - 16. Let k be d(19). Let j = 31 + 73. Suppose -i + j = k*i. What are the prime factors of i?
2, 13
Let w = -191 - -177. Let x(k) = k**2 + 9*k + 82. What are the prime factors of x(w)?
2, 19
Let s = 14711 + -8089. List the prime factors of s.
2, 7, 11, 43
Suppose 173*r = -113354 + 2254402. List the prime factors of r.
2, 7, 13, 17
Suppose 0 = 1961*r - 1960*r - 12. Suppose -3*y + 2676 + 393 = 0. Suppose n + y = r*n. What are the prime factors of n?
3, 31
Let m(p) = -40*p - 47. Let y(x) = 41*x + 43. Let c(d) = -7*m(d) - 6*y(d). List the prime factors of c(5).
241
Let a be 4 - -5 - 1/(-2)*-2. Suppose -4*i + 4 - a = 0. What are the prime factors of (i/(-1))/((-9)/(-90))?
2, 5
List the prime factors of (210/40)/((-3)/(-4084)).
7, 1021
Let t = -49329 + 83849. List the prime factors of t.
2, 5, 863
Let p(a) = 18*a**2 - 20*a + 61. Let f(j) = -17*j**2 + 21*j - 59. Let g(q) = 4*f(q) + 5*p(q). What are the prime factors of g(9)?
3, 569
Suppose 6*y + 3*y = -9. Let t be (50/(-20))/(y*3/(-42)). What are the prime factors of 3 - (2 + (t - -3))?
3, 11
What are the prime factors of 1544/6*(-4 - 596/(-8))?
2, 47, 193
Suppose -5*l + 3*d + 57 = 0, -4*l + 20 = -d + 5*d. Let k(c) = 2*c**2 + 2*c + 1. Let a be k(-2). List the prime factors of (378/8 + 1)*(l - a).
193
Suppose -11*u = -10*u - 4. Suppose -3*y - y + w = -u, 4*w + 5 = 5*y. List the prime factors of (y - 2/(-6))/(5/1080).
2, 3
Let m(y) = 4207*y**2 - 387*y + 387. What are the prime factors of m(1)?
7, 601
Suppose -117*q = -59*q - 1235342. List the prime factors of q.
19, 59
Let r(o) = 91*o - 20. Let d be 40/4 - 0/(-1 - 2). List the prime factors of r(d).
2, 5, 89
Let f(m) be the second derivative of 5*m**4/12 + 13*m**3/3 - 18*m**2 - m + 35. What are the prime factors of f(-12)?
2, 3, 31
Let t = 103 + -99. Suppose -12*f = -t*f - 1552. Suppose -434 = -4*x + f. What are the prime factors of x?
157
Let b(a) = a**3 - 4*a**2 + 4*a. Let v be b(2). Let j = v + 2. Suppose -154 = -x - w - 3, 290 = 2*x - j*w. What are the prime factors of x?
2, 37
What are the prime factors of 44/(-33) + (-5 - -1) + (-261340)/(-12)?
21773
Let p be 1153 + (12/(-10) - (-8)/(-10)). Let b = -271 + p. Suppose -b = -g - 9*g. What are the prime factors of g?
2, 11
Suppose 34 = 2*c - 8. Suppose -195 = -3*j + c. Let a = j + 11. List the prime factors of a.
8